termine l(7).
15
Let a(p) = -p**2 - 4*p - 2. Let x be a(-3). Let o(b) = -2*b**3 - 2*b + 1. Let s(n) = 2*n**3. Let q(l) = -o(l) + 2*s(l). Calculate q(x).
7
Let x(i) be the third derivative of 0*i + 1/2*i**3 - i**2 - 1/24*i**4 + 0. Suppose 0*k + 16 = 4*k. Determine x(k).
-1
Let l(s) be the third derivative of s**5/10 - s**4/24 - 5*s**2. Give l(-1).
7
Let c(f) be the second derivative of f**6/360 - f**5/120 - f**4/6 + f**3/2 + 3*f. Let w(o) be the second derivative of c(o). Give w(0).
-4
Let w(s) = -s + 1. Suppose -2*k + 3*o = -2, 2*o + 2 + 2 = 0. Let h be k/(-2 - (-15)/6). Give w(h).
5
Let l(k) be the first derivative of k**4/4 + 2*k**3 + 5*k**2/2 - 2*k - 1. Suppose 2*o = 3*y + 1, -y = -0*y - 3. Let q be ((-12)/4 + o)*-2. Calculate l(q).
10
Let m(i) = -i**2 - 3*i - 1. Let d = 8 + 2. Suppose 2*u + 2*f + d = 0, -3*f = u + 3 + 6. What is m(u)?
-1
Let m(r) = 2 + 2 + 3*r - 1. Let a be (-3 + -2)*(-6)/15. Suppose 22 - a = -5*p. What is m(p)?
-9
Let w(u) be the first derivative of u**4/4 - 5*u**3/3 + 3*u**2/2 + u - 2. Determine w(3).
-8
Let c(b) = 4*b**2 + 3*b - 3. Let o(w) = 7*w**2 + 6*w - 6. Let t(v) = -11*c(v) + 6*o(v). Calculate t(2).
-5
Let b(f) be the third derivative of -f**5/60 - f**4/24 + 10*f**3/3 - 19*f**2. What is b(0)?
20
Let z(l) = l**3 - 9*l**2 + 7. Suppose 18 = 3*u + 3*i, 5*i = -3*u + i + 15. Calculate z(u).
7
Let u = 4 + 0. Let h(n) be the first derivative of n**4/24 - n**3 + 3*n**2/2 - 3. Let a(s) be the second derivative of h(s). What is a(u)?
-2
Suppose 40*q - 45*q - 10 = 0. Let l(k) = -4*k. What is l(q)?
8
Let r(l) = l - 1. Let f be r(3). Let n(m) be the first derivative of m + 1 - 3*m**2 + m**2 - 2*m**f. Determine n(1).
-7
Let v(u) = u**2 - u + 6. Suppose 2*r + 10 = 5*s, 0*s - 2 = -r - s. Give v(r).
6
Let i(x) = -x + 1 - x**2 + 12*x**2 + 2*x**2. Let n be i(1). Let a = -9 + n. Let l(u) = -2*u + 4. What is l(a)?
-4
Let v(l) = 0*l**2 + 0*l**2 + l**2 - l - 3. Let d(x) be the third derivative of -x**6/120 + x**5/30 + x**4/8 + 2*x**3/3 + x**2. Let k be d(3). What is v(k)?
9
Let x(u) = 6*u + 4*u + 4*u - 1. Let b = 12 + -13. Give x(b).
-15
Let v be (-5)/(6 + -1 - 4). Let t(n) = -n**2 - 7*n + 2. What is t(v)?
12
Let k(i) = -15 - 15 - 3*i + 6. Let x(f) = f + 8. Let g(s) = -2*k(s) - 7*x(s). Suppose 2*c + c + c = 0. What is g(c)?
-8
Let z(j) = -3*j**3 - 6*j**2 - 1. Let a(g) = -g**3 - g**2. Let r(n) = -6*a(n) + z(n). Give r(-1).
-4
Suppose l + 0*l - 1 = 0. Let m be ((l/(-1))/1)/(-1). Let b(t) = 2*t**3 - 2*t**2 + 2*t - 1. Determine b(m).
1
Let p(k) = k**3 - 2*k**2 + 3*k - 2. Let d be p(2). Let g(o) = o**3 - 3*o**2 - o - 2. What is g(d)?
10
Suppose 4*g = 23 + 5. Suppose -3*o + 16 = -g*o. Let j(m) = m**2 + 4*m + 6. Determine j(o).
6
Let i(k) = 1 - 1 + 8*k - 9*k. Calculate i(1).
-1
Suppose 5*d = -x + 16, -x = -5 + 4. Let t(a) = -a**d - 4*a**2 + 2 + 10*a**2 + a + 0 - 5*a. Give t(2).
10
Let d(l) = -7*l + 3*l + 3*l + 2*l. Let b(y) = 4*y + 3. Let r(v) = b(v) - 3*d(v). Let m be (1 - 1) + 4 + -1. Determine r(m).
6
Suppose 2*f - 7*f = -30. Let u(l) = -6*l - 6*l - l**3 - 7*l**2 - 3 + f*l - 2*l. Give u(-5).
-13
Let k(w) be the first derivative of -w**4/4 + w**3 + 7*w**2/2 - 5*w - 20. Determine k(5).
-20
Let j = -15 - -30. Suppose 5*f = 3*g - 5 - 16, 5*g = -j. Let t(p) = p**3 + 5*p**2 - 6*p - 6. Determine t(f).
-6
Let u(h) be the third derivative of -2*h**2 - 1/12*h**4 + 0*h + 0 - 1/3*h**3. Let n be ((-8)/6)/(1/3). Calculate u(n).
6
Let n(w) = w**3 - 3*w**2 + 2*w + 2. Let z be (-46)/(-4) + 1/2. Suppose g - 5*g = -z. Determine n(g).
8
Let u(v) = -v**2 + 4*v + 3. Let q(s) = -s**2 - 15*s - 52. Let t be q(-7). Calculate u(t).
3
Let k = -10 - -10. Suppose k = v + v. Let m(u) = u**2 - u + 3. Give m(v).
3
Let c(u) = u**3 - 2*u + 1 + 3*u**2 - 3*u**2 - 4*u**2 + 6*u**2. Give c(-2).
5
Let l(j) = j**3 - 4*j**2 - j + 2. Suppose 3*w - 13 = -1. What is l(w)?
-2
Let o(q) be the third derivative of q**5/60 - 3*q**4/8 + 4*q**3/3 - 11*q**2 + 1. Give o(8).
0
Let j(n) = -1 + 6*n + 0 - 1 - n**2. Determine j(4).
6
Let p(t) be the third derivative of -t**4/6 + t**2. Let o = -17 + 20. Let w be -4*o*1/(-12). What is p(w)?
-4
Let q = 11 - 11. Let r(g) be the third derivative of -7/6*g**3 + 3*g**2 + 0*g + 1/120*g**6 + q - 1/8*g**4 - 1/15*g**5. Give r(5).
3
Let q = -67 + 61. Let h(l) = l - 3. Calculate h(q).
-9
Let u(v) = 17*v - 5. Let r(o) = 6*o - 2. Let b(z) = -11*r(z) + 4*u(z). Let m = -8 - -3. Determine b(m).
-8
Let f(q) be the second derivative of -2*q**3/3 + q**2/2 + q. What is f(-1)?
5
Let f(d) be the first derivative of -d**2/2 - 6*d - 14. Give f(-7).
1
Let o be 6/(-9)*(-6)/2. Suppose 4*g + n + n = 0, o*g + 2*n = 0. Let a(s) = s + 4*s**2 + 4 + g*s - s**3 - 3*s. Determine a(4).
-4
Let w(b) = b**2 - 3*b - 2. Suppose 4*c - 42 = 4*s - 14, -c = -2*s - 10. What is w(c)?
2
Let u(h) = -h**3 + 3*h**2 - 6*h - 5. Let z(g) = g**3 - 2*g**2 + 6*g + 6. Let v(p) = 5*u(p) + 4*z(p). Let n = -4 - -6. Suppose -n*r - 3*r + 30 = 0. Give v(r).
-1
Let u(s) = s**3 + 5*s**2 - 7*s - 4. Let q(g) = -7*g + 1. Let h be q(1). Let j be u(h). Suppose -5*i - 3 = -j*i. Let y(v) = 6*v**3 - v - 1. Calculate y(i).
-6
Let n(t) be the first derivative of -t**3/3 + 3*t**2/2 + 3*t - 1. What is n(5)?
-7
Let v(s) = -s**3 + 3*s**2 + 5*s. Let n be v(4). Suppose -n*k - 7 = l, 0*l + 3 = -l. Let g = 0 - k. Let q(r) = -3*r. What is q(g)?
-3
Let c(t) be the second derivative of -t**5/4 - t**4/12 + t**2/2 - 37*t. Determine c(1).
-5
Let i(v) = v**3 + 9*v**2 - 2*v + 8. Let u(r) = 2*r**3 + 17*r**2 - 3*r + 15. Let c(x) = -5*i(x) + 3*u(x). Let s = -49 - -43. Determine c(s).
-1
Let s(r) = r**3 - 18*r**2 - 3. Suppose 5*j = -0*j + 90. Let y be s(j). Let g(l) = -l**2 - 2*l - 1. Give g(y).
-4
Let i(b) be the third derivative of -b**7/840 - 7*b**6/360 - b**5/20 + b**3/3 + 4*b**2. Let q(t) be the first derivative of i(t). Calculate q(-6).
0
Suppose 4*c = 18 + 2. Suppose 5*b - v = 16, c*v - 4 = -3*b - 0*b. Let k(w) be the third derivative of -w**5/60 + w**4/12 + 2*w**3/3 + w**2. Give k(b).
1
Suppose -5*y - 14 = -9. Let d(v) = 8*v**2 - v - 1. Calculate d(y).
8
Let x(r) = -r - 6. Let k(s) = -s**3 + 4*s**2 + 5*s + 7. Let d be k(5). Let y be d/((-28)/(-8)) + -7. Give x(y).
-1
Suppose 0 = -6*u + u. Let t be 1 - 5/(-1 + u). Let x(z) = -1 + 1 - t*z**2 - z**3 - 6*z - 6. Calculate x(-5).
-1
Let n(q) = 68 - 135 + 66 - q. Calculate n(-7).
6
Let g(i) = 4*i + 3. Let l(z) = -13*z - 10. Let j(b) = -7*g(b) - 2*l(b). Calculate j(1).
-3
Let j(t) = -t + 10. Let z be (35/(-5))/(1 + -2). What is j(z)?
3
Suppose 4 = 3*z + 1. Let a(i) = 0 + 0 - 4*i - i**2 - z. Determine a(-3).
2
Suppose 2*f = -w + 5 + 12, 5*f = -3*w + 45. Let y(c) = -34*c + 26*c - f - c**2 + 3. Determine y(-7).
4
Let q(t) = 2*t - 5*t - 2 + 2*t. Let v be (1*-3)/(4 - 3). Let m be (v + -2 + 1)/1. Determine q(m).
2
Let k(h) = h**3 - 3*h**2 - h - 2. Let o be (32/(-24))/(4/18). Let p be (-2 - 1)*(5 + o). Give k(p).
-5
Let b(a) = 2*a - 1. Let j be (9/(-6))/((-6)/(-8)). Let x = 2 + j. Let p be (-3 - x)/(-3) - 0. Determine b(p).
1
Let f(y) be the second derivative of -7/2*y**2 + 0 - 1/6*y**3 - y. Calculate f(-6).
-1
Let p(d) be the third derivative of 3*d**6/40 + d**5/60 - d**4/12 + d**3/6 - 4*d**2. Suppose -5*a - 10 - 10 = -5*l, 0 = -5*a - l + 10. Determine p(a).
9
Suppose 0*b - b = 0. Let k = -22 + 24. Suppose b = -5*z + k*z - 12. Let p(y) = -y**3 - 3*y**2 + 2*y - 1. What is p(z)?
7
Suppose -3*o = 1 + 2. Let v(u) be the third derivative of u**7/630 - u**6/720 - u**4/6 - 3*u**2. Let t(x) be the second derivative of v(x). What is t(o)?
5
Let p(g) = 1 - g + 0*g + 3*g. Let c be ((-15)/(-6) - 2)*-4. Calculate p(c).
-3
Let z be (-2)/(-8) + (-190)/(-40). Let p(m) = m**2 - 2*m - 6. Give p(z).
9
Let u(l) = 2*l - 5. Let f be u(6). Let z = f + -10. Let a(g) = g**3 - 50*g**2 + 150*g**2 - 2 - 51*g**2 - 48*g**2 - 4*g. Calculate a(z).
-8
Let h(r) be the second derivative of r**3/6 + 2*r**2 - 6*r. Calculate h(0).
4
Let j = 2 + -4. Let m(s) = s**3 - 9*s**2 - s + 12. Let w be m(9). Let k(g) = 3*g - g**2 + 0*g**2 - g**w - 3*g. Calculate k(j).
4
Let o(n) be the third derivative of -n**4/24 + n**3/3 - 3*n**2. What is o(-4)?
6
Let o(p) = -p**2 + 4*p. Suppose -3*f = 4*y - 2*y - 34, -59 = -5*f - y. Suppose 0 = -4*i + i + f. Let r be (i/2 - 2) + 4. Calculate o(r).
0
Let y be (-3)/(-1 - (-2)/8). Let q(j) = -j**2 + 2*j + 4. Det